{"id":8765,"date":"2025-11-06T11:54:46","date_gmt":"2025-11-06T09:54:46","guid":{"rendered":"https:\/\/www.supermonitoring.pl\/blogpl\/?page_id=8765"},"modified":"2025-11-06T11:56:08","modified_gmt":"2025-11-06T09:56:08","slug":"generator-utm","status":"publish","type":"page","link":"https:\/\/www.supermonitoring.pl\/blogpl\/generator-utm\/","title":{"rendered":"Generator UTM"},"content":{"rendered":"<p><script>\n  function resizeIframe(obj) {\n    obj.style.height = obj.contentWindow.document.body.scrollHeight + 'px';\n  }\n<\/script><\/p>\n<p>Darmowy generator link\u00f3w UTM dla Twoich kampanii<\/p>\n<p>U\u017cyj &#8220;<b>%X%<\/b>&#8221; w kt\u00f3rymkolwiek z p\u00f3l poni\u017cej &#8211; w wynikach zostanie zast\u0105pione numerem wiersza.<\/p>\n<p><iframe src=\"\/mini-tools\/utm.php?lang=pl\" scrolling=\"no\" style=\"width:100%;border:none;overflow:hidden;min-height:500px;\" onload=\"resizeIframe(this)\" name=\"iframe-http\" id=\"iframe-http\"><br \/>\n<\/iframe><\/p>\n<hr \/>\n<h2>czym s\u0105 tagi utm i jak prawid\u0142owo ich u\u017cywa\u0107?<\/h2>\n<p>W \u015bwiecie cyfrowym do podstawowych aspekt\u00f3w, kt\u00f3re ka\u017cda osoba zajmuj\u0105ca si\u0119 e-commerce powinna bra\u0107 pod uwag\u0119, nale\u017cy analiza i pomiar skuteczno\u015bci strategii marketingowej. Mierzenie wynik\u00f3w dowolnej kampanii marketingu online mo\u017ce wydawa\u0107 si\u0119 do\u015b\u0107 trudne, poniewa\u017c na pierwszy rzut oka nie\u0142atwo rozpozna\u0107, kt\u00f3re publikacje kieruj\u0105 okre\u015blony odsetek ruchu na Pa\u0144stwa stron\u0119. Istnieje jednak znakomity spos\u00f3b \u015bledzenia tych efekt\u00f3w: wykorzystanie specjalnych znacznik\u00f3w dodawanych na ko\u0144cu adresu URL, zwanych tagami UTM.<\/p>\n<p>Parametry lub tagi UTM (Urchin Tracking Module) to niewielkie fragmenty tekstu, kt\u00f3re zaczynaj\u0105 si\u0119 znakiem zapytania (?) i s\u0105 dodawane na ko\u0144cu adresu URL, aby wspiera\u0107 monitorowanie i analiz\u0119 u\u017cytkownik\u00f3w. Dzi\u0119ki tym kodom mog\u0105 Pa\u0144stwo pozna\u0107 wszystko na temat ruchu, kt\u00f3ry trafia na stron\u0119 z dowolnego linku \u2013 niezale\u017cnie od tego, czy linki pochodz\u0105 z Facebooka, Twittera, reklamy w mediach spo\u0142eczno\u015bciowych czy wiadomo\u015bci e-mail. Poni\u017cej znajduje si\u0119 przyk\u0142adowy adres URL, w kt\u00f3rym po znaku zapytania (?) wyr\u00f3\u017cniono parametry UTM:<\/p>\n<p><code>https:\/\/www.example.com\/page?utm_campaign=sale2020&utm_source=facebook&utm_medium=video<\/code><\/p>\n<p>Dodanie fragment\u00f3w kodu po znaku zapytania nie wp\u0142ywa ani na sam\u0105 stron\u0119, ani na organiczne pozycjonowanie (SEO). Umo\u017cliwia jedynie narz\u0119dziu analitycznemu (na przyk\u0142ad Google Analytics) raportowanie, kt\u00f3re domeny i kt\u00f3re kampanie sprowadzaj\u0105 ruch na Pa\u0144stwa witryn\u0119. Gdy kto\u015b klika adres URL z kodem UTM, oprogramowanie analityczne interpretuje pochodzenie wizyty. Nast\u0119pnie przypisuje wszystkie dzia\u0142ania wykonane podczas wizyty temu samemu u\u017cytkownikowi.<\/p>\n<p>W ten spos\u00f3b wej\u015bcie na stron\u0119 przebiega dla odwiedzaj\u0105cego ca\u0142kowicie normalnie. Mog\u0105 Pa\u0144stwo rozpozna\u0107, z jakiego typu witryny przyszed\u0142, jakim medium dotar\u0142, a tak\u017ce uzyska\u0107 inne informacje pomocne w lepszym profilowaniu odbiorc\u00f3w. Ka\u017cdy kod dostarcza specyficznego rodzaju informacji, kt\u00f3re mo\u017cna wykorzysta\u0107 do lepszego zrozumienia i \u015bledzenia swojej grupy docelowej.<\/p>\n<h3>rodzaje tag\u00f3w utm<\/h3>\n<p>Tagi UTM to pi\u0119\u0107 wariant\u00f3w parametr\u00f3w adresu URL. Dla prawid\u0142owego pomiaru wynik\u00f3w obowi\u0105zkowo nale\u017cy uwzgl\u0119dni\u0107 trzy zmienne: utm_source, utm_campaign, utm_medium. Pi\u0119\u0107 typ\u00f3w istniej\u0105cych kod\u00f3w UTM to:<\/p>\n<ol>\n<li><strong>utm_source<\/strong>: Jaka witryna wysy\u0142a ruch? Aby odpowiedzie\u0107 na takie pytania, u\u017cycie tego typu UTM jest kluczowe i obowi\u0105zkowe. Umo\u017cliwia on identyfikacj\u0119 wyszukiwarki, nazwy newslettera lub innego \u017ar\u00f3d\u0142a. Przyk\u0142ad takiego kodu: utm_source=facebook. Dzi\u0119ki temu kodowi UTM identyfikuj\u0105 Pa\u0144stwo, \u017ce \u017ar\u00f3d\u0142em, przez kt\u00f3re u\u017cytkownik dotar\u0142, jest Facebook.<\/li>\n<li><strong>utm_campaign<\/strong>: Jaka promocja sprowadzi\u0142a klienta na stron\u0119? U\u017cycie tego typu UTM jest w du\u017cym stopniu obowi\u0105zkowe. Ten tag identyfikuje rodzaj kampanii, kt\u00f3ra faktycznie skierowa\u0142a ruch na witryn\u0119. Aby wiedzie\u0107, w jak\u0105 kampani\u0119 inwestuj\u0105 Pa\u0144stwo \u015brodki i czy przynosi ona oczekiwane rezultaty, konieczne jest oznaczenie jej kodami, np. utm_campaign=summer-sale, co pozwala stwierdzi\u0107, \u017ce zadzia\u0142a\u0142a kampania zwi\u0105zana z wprowadzeniem nowego produktu latem.<\/li>\n<li><strong>utm_medium<\/strong>: Jakie jest medium kampanii? Wraz z kodami UTM dla \u017ar\u00f3d\u0142a i kampanii jest to obowi\u0105zkowe dla rzetelnego pomiaru kampanii marketingowych. Ten kod okre\u015bla medium kampanii. Mo\u017ce identyfikowa\u0107 takie media jak e-mail lub kampanie CPC. Na przyk\u0142ad kod utm_medium=cpc odnosi si\u0119 do ruchu pochodz\u0105cego z konkretnej kampanii rozliczanej w modelu kosztu za klikni\u0119cie.<\/li>\n<li><strong>utm_term<\/strong>: Na jaki termin Pa\u0144stwa wyszukiwano? Wa\u017cne jest, by wiedzie\u0107, jakich s\u0142\u00f3w u\u017cywa klient, aby do Pa\u0144stwa trafi\u0107. S\u0142owa kluczowe u\u017cywane w wyszukiwarkach s\u0105 istotne z wielu powod\u00f3w \u2013 przede wszystkim po to, by wiedzie\u0107, na kt\u00f3re frazy si\u0119 Pa\u0144stwo pozycjonuj\u0105, a kt\u00f3re warto odrzuci\u0107. Przyk\u0142ad: utm_term=honeymoons pozwala zidentyfikowa\u0107, \u017ce ruch pochodzi z kampanii ukierunkowanej na s\u0142owo kluczowe \u201ehoneymoons\u201d.<\/li>\n<li><strong>utm_content<\/strong>: Jaki rodzaj tre\u015bci przyprowadzi\u0142 klienta na stron\u0119? Ten typ UTM pomaga pozyska\u0107 interesuj\u0105ce dane do test\u00f3w A\/B. Pewno\u015b\u0107, kt\u00f3ry element sprowadzi\u0142 klienta, jest kluczowa. Dzi\u0119ki tym informacjom wiadomo, \u017ce warto konsekwentnie stawia\u0107 na okre\u015blony rodzaj tre\u015bci \u2013 taki, kt\u00f3ry przyci\u0105ga odwiedzaj\u0105cych. Do test\u00f3w A\/B konieczna jest r\u00f3wnie\u017c wiedza, jakie typy tre\u015bci umieszcza\u0107 na stronach i w elementach. Przyk\u0142ad: kod w stylu utm_content=product-4-photos identyfikuje, \u017ce link z tre\u015bci produktu z 4 zdj\u0119ciami skutecznie przyci\u0105ga odwiedzaj\u0105cych.<\/li>\n<\/ol>\n<h3>jak tworzy\u0107 tagi utm<\/h3>\n<p>Aby zdefiniowa\u0107 i doda\u0107 odpowiednie parametry UTM do w\u0142a\u015bciwych adres\u00f3w URL, mo\u017cna skorzysta\u0107 z niewielkiego narz\u0119dzia online, takiego jak to wspomniane powy\u017cej.<\/p>\n<h4>automatyczne tagowanie w google ads<\/h4>\n<p>Automatyczne tagowanie samoczynnie importuje dane Google Ads do Analytics. Je\u015bli po\u0142\u0105cz\u0105 Pa\u0144stwo dane z Google Ads z informacjami dostarczanymi przez Analytics na temat dzia\u0142a\u0144 u\u017cytkownik\u00f3w, mog\u0105 Pa\u0144stwo ustali\u0107, co wydarzy\u0142o si\u0119 w witrynie po klikni\u0119ciu reklam.<\/p>\n<p>Po w\u0142\u0105czeniu automatycznego tagowania do adresu URL strony docelowej dodawany jest identyfikator klikni\u0119cia Google o nazwie gclid, gdy u\u017cytkownik trafia na witryn\u0119 po klikni\u0119ciu reklamy. Przyk\u0142adowo, je\u015bli Pa\u0144stwa strona to <code>https:\/\/www.example.com\/<\/code>, po klikni\u0119ciu reklamy w pasku adresu pojawi si\u0119: <code>https:\/\/www.example.com\/?gclid=123xyz<\/code><br \/>\nAby w\u0142\u0105czy\u0107 automatyczne tagowanie, nale\u017cy wykona\u0107 nast\u0119puj\u0105ce kroki:<\/p>\n<ol>\n<li>Zalogowa\u0107 si\u0119 na swoje konto Google Ads.<\/li>\n<li>W menu po lewej klikn\u0105\u0107 \u201eUstawienia\u201d.<\/li>\n<li>Klikn\u0105\u0107 zak\u0142adk\u0119 \u201eUstawienia konta\u201d powy\u017cej tabeli.<\/li>\n<li>Klikn\u0105\u0107 sekcj\u0119 \u201eAutomatyczne tagowanie\u201d.<\/li>\n<li>Aby w\u0142\u0105czy\u0107 automatyczne tagowanie, wybra\u0107 \u201eOznaczaj docelowy adres URL mojej reklamy\u201d.<\/li>\n<li>Klikn\u0105\u0107 \u201eZapisz\u201d.<\/li>\n<\/ol>\n<p>Do r\u00f3\u017cnych zalet automatycznego tagowania w Google Ads nale\u017c\u0105:<\/p>\n<ul>\n<li>Oszcz\u0119dno\u015b\u0107 pracy zwi\u0105zanej z r\u0119cznym tagowaniem wszystkich ko\u0144cowych adres\u00f3w URL.<\/li>\n<li>Unikanie b\u0142\u0119d\u00f3w, kt\u00f3re mog\u0105 wyst\u0105pi\u0107 podczas r\u0119cznego tagowania adres\u00f3w URL. Na przyk\u0142ad utm_source=Google to nie to samo co utm_source=google.<\/li>\n<li>Mo\u017cliwo\u015b\u0107 importu cel\u00f3w i transakcji z Analytics do \u015bledzenia konwersji w Google Ads.<\/li>\n<li>Bardziej szczeg\u00f3\u0142owe raporty w Analytics.<\/li>\n<\/ul>\n<h3>zastosowanie tag\u00f3w utm<\/h3>\n<p>Istniej\u0105 r\u00f3\u017cne przypadki u\u017cycia tag\u00f3w UTM. Nale\u017c\u0105 do nich mi\u0119dzy innymi:<\/p>\n<h4>1. wstawianie parametru utm do adres\u00f3w url udost\u0119pnianych w profilach medi\u00f3w spo\u0142eczno\u015bciowych<\/h4>\n<p>Za\u0142\u00f3\u017cmy, \u017ce chc\u0105 Pa\u0144stwo ustali\u0107, kt\u00f3ra platforma spo\u0142eczno\u015bciowa zapewnia najlepszy ROI i kt\u00f3re linki na tej platformie generuj\u0105 najwi\u0119cej ruchu. Wtedy parametry UTM mog\u0105 pom\u00f3c przeanalizowa\u0107 ruch referencyjny w danej sieci spo\u0142eczno\u015bciowej.<\/p>\n<p>Na Twitterze maj\u0105 Pa\u0144stwo na przyk\u0142ad cztery mo\u017cliwo\u015bci promowania link\u00f3w: zwyk\u0142y tweet, promowany tweet, pole strony internetowej oraz opis profilu\/biografii. Z wyj\u0105tkiem linku profilowego (poniewa\u017c pokazuje pierwsz\u0105 cz\u0119\u015b\u0107 wprowadzonego adresu URL) wszystkie klikni\u0119cia w te linki mo\u017cna \u015bledzi\u0107 osobno. Poni\u017cej kilka przyk\u0142ad\u00f3w ci\u0105g\u00f3w parametr\u00f3w UTM opartych na Twitterze z r\u00f3\u017cnymi warto\u015bciami medium.<\/p>\n<p><code>?utm_source=twitter&utm_medium=profile&utm_campaign=email<br \/>\n?utm_source=twitter&utm_medium=tweet&utm_campaign=email<br \/>\n?utm_source=twitter&utm_medium=promoted&utm_campaign=email<\/code><\/p>\n<p>Podobnie na Facebooku mo\u017cna stosowa\u0107 osobne linki z UTM do promowania post\u00f3w, informacji kontaktowych, wpis\u00f3w w grupach, organicznych post\u00f3w na stronie i nie tylko. Gdy tylko zaczn\u0105 Pa\u0144stwo gromadzi\u0107 dane, otrzymaj\u0105 Pa\u0144stwo w Google Analytics raport bogaty w informacje o \u017ar\u00f3d\u0142ach ruchu.<\/p>\n<h4>2. testowanie klikni\u0119\u0107 z newslettera<\/h4>\n<p>Chc\u0105 Pa\u0144stwo zrozumie\u0107, kt\u00f3re parametry w newsletterze odpowiadaj\u0105 za wi\u0119kszo\u015b\u0107 ruchu na stronie? W takim razie dodanie parametr\u00f3w UTM do adres\u00f3w URL mo\u017ce pom\u00f3c. Przyjrzyjmy si\u0119 przyk\u0142adowej natychmiastowej odpowiedzi e-mail. Wszystkie linki w wiadomo\u015bci maj\u0105 te parametry UTM:<\/p>\n<p><code>utm_campaign=blackfriday2020<br \/>\nutm_medium=email<br \/>\nutm_source=subscribers<\/code><\/p>\n<p>Jednak dla wszystkich link\u00f3w prawid\u0142owo ustawiono r\u00f3\u017cne warto\u015bci parametru utm_content. Dzi\u0119ki temu, nawet je\u015bli subskrybenci listy myredfin trafiaj\u0105 na t\u0119 sam\u0105 stron\u0119, Redfin wie, w kt\u00f3ry link klikn\u0119li. Mo\u017cna doda\u0107 wi\u0119cej parametr\u00f3w UTM r\u00f3wnie\u017c w stopce e-mail, aby \u015bledzi\u0107, co sk\u0142ania odwiedzaj\u0105cych do przej\u015bcia na stron\u0119.<\/p>\n<h4>3. \u015bledzenie najskuteczniejszych cech reklam marki<\/h4>\n<p>Je\u015bli regularnie prowadz\u0105 Pa\u0144stwo p\u0142atne dzia\u0142ania marketingowe, na przyk\u0142ad z u\u017cyciem Google Ads, z pewno\u015bci\u0105 chcieliby Pa\u0144stwo wiedzie\u0107, kt\u00f3re reklamy dzia\u0142aj\u0105 najlepiej.<\/p>\n<p>Dzi\u0119ki parametrom UTM mo\u017cna nie tylko wskaza\u0107 zewn\u0119trzn\u0105 witryn\u0119, kt\u00f3ra przynosi najwi\u0119cej ruchu, lecz tak\u017ce sprawdzi\u0107, kt\u00f3re umiejscowienie, projekt, rozmiar, kolor i typ reklamy s\u0105 najskuteczniejsze. Za\u0142\u00f3\u017cmy na przyk\u0142ad, \u017ce u\u017cywaj\u0105 Pa\u0144stwo dw\u00f3ch format\u00f3w reklam \u2013 300 px i 600 px \u2013 do promocji w zewn\u0119trznej witrynie. Po otagowaniu obu rozmiar\u00f3w \u0142atwo ustali\u0107, kt\u00f3ry jest bardziej efektywny, i tam podnie\u015b\u0107 stawk\u0119. Ponownie warto podkre\u015bli\u0107, \u017ce je\u015bli w Google Analytics zdefiniowano cele, mo\u017cna znale\u017a\u0107 najcenniejsze informacje wp\u0142ywaj\u0105ce na biznes.<\/p>\n<h4>4. \u015bledzenie statusu wiadomo\u015bci e-mail<\/h4>\n<p>Jak powszechnie wiadomo, wi\u0119kszo\u015b\u0107 dostawc\u00f3w us\u0142ug e-mail udost\u0119pnia istotne informacje i statystyki dotycz\u0105ce wysy\u0142anych kampanii. Zwykle \u015bledz\u0105 wi\u0119c Pa\u0144stwo jedynie status wiadomo\u015bci: wys\u0142ane, otwarte, klikni\u0119te, odrzucone (bounce), zablokowane, oznaczone jako spam, wypisane itp. Nie pozwala to jednak faktycznie zobaczy\u0107, co sta\u0142o si\u0119 po klikni\u0119ciu przez czytelnika przycisku wezwania do dzia\u0142ania (CTA).<br \/>\nJest to ograniczenie, poniewa\u017c dostawcy us\u0142ug e-mail nie s\u0105 narz\u0119dziami do zarz\u0105dzania relacjami z klientami. W\u0142a\u015bnie tutaj pomagaj\u0105 tagi UTM, poniewa\u017c umo\u017cliwiaj\u0105 zlokalizowanie \u017ar\u00f3d\u0142a i medium ka\u017cdego linku prowadz\u0105cego do witryny, identyfikacj\u0119, kto co odwiedzi\u0142, oraz \u015bledzenie wizyt na stronie.<\/p>\n<p>Maj\u0105c te informacje, mog\u0105 Pa\u0144stwo pozna\u0107 preferencje czytelnik\u00f3w i wysy\u0142a\u0107 im bardziej spersonalizowane oferty oraz wiadomo\u015bci. \u0141atwiej (miejmy nadziej\u0119) przyci\u0105gn\u0105 Pa\u0144stwo ich uwag\u0119 i wzmocni\u0105 relacj\u0119 z mark\u0105. Ponadto drobne modyfikacje link\u00f3w mog\u0105 pom\u00f3c zwi\u0119kszy\u0107 przychody oraz lepiej anga\u017cowa\u0107 potencjalnych i obecnych klient\u00f3w.<br \/>\nDok\u0142adne zrozumienie, co sk\u0142ania kontakty do otwierania e-maili, klikania link\u00f3w i poruszania si\u0119 po stronie, to najlepszy spos\u00f3b na w\u0142\u0105czenie strategii e-mail do og\u00f3lnej kampanii marketingowej.<\/p>\n<h3>korzy\u015bci z korzystania z tag\u00f3w utm<\/h3>\n<p>Najwi\u0119ksz\u0105 warto\u015bci\u0105 dodan\u0105 kod\u00f3w UTM jest mo\u017cliwo\u015b\u0107 ich \u0142\u0105czenia, aby uzyska\u0107 wyczerpuj\u0105ce \u015bledzenie wszystkiego, co dzieje si\u0119 w Pa\u0144stwa kana\u0142ach. Inne korzy\u015bci to:<\/p>\n<ul>\n<li>Dok\u0142adna wiedza, sk\u0105d pochodz\u0105 wizyty i jakie dzia\u0142ania doprowadzi\u0142y je na stron\u0119 lub Landing Page.<\/li>\n<li>Optymalizacja inwestycji w kampanie marketingowe.<\/li>\n<li>Optymalizacja listy s\u0142\u00f3w kluczowych u\u017cywanych w kampaniach marketingowych.<\/li>\n<li>Odkrycie, jaki rodzaj tre\u015bci najlepiej trafia do odwiedzaj\u0105cych.<\/li>\n<li>Pozyskanie u\u017cytecznych informacji do p\u00f3\u017aniejszej segmentacji odbiorc\u00f3w i tworzenia tre\u015bci.<\/li>\n<li>Identyfikacja promocji, kt\u00f3ra sprowadzi\u0142a ruch na stron\u0119.<\/li>\n<li>W przypadku wielu typ\u00f3w kampanii, z r\u00f3\u017cnymi mediami \u2013 wiedza, z kt\u00f3rej konkretnej kampanii pochodzi klientela.<\/li>\n<li>Optymalizacja dzia\u0142a\u0144 w marketingu cyfrowym w celu zwi\u0119kszenia konwersji.<\/li>\n<li>Wzbogacenie wynik\u00f3w system\u00f3w analitycznych.<\/li>\n<li>Analiza dzia\u0142ania tre\u015bci udost\u0119pnianych lub tworzonych w mediach spo\u0142eczno\u015bciowych.<\/li>\n<li>Ustalenie, w jakim stopniu media spo\u0142eczno\u015bciowe pomagaj\u0105 pozycjonowa\u0107 i promowa\u0107 tre\u015bci.<\/li>\n<li>Zrozumienie, jak dzia\u0142a ka\u017cdy element tworzony w dost\u0119pnych kana\u0142ach komunikacji.<\/li>\n<li>Analiza dzia\u0142ania i skuteczno\u015bci link\u00f3w wewn\u0119trznych.<\/li>\n<\/ul>\n<h3>wnioski<\/h3>\n<p>W po\u0142\u0105czeniu z Google Analytics tagi UTM s\u0105 pot\u0119\u017cnym narz\u0119dziem do mierzenia wynik\u00f3w dzia\u0142a\u0144 marketingowych w mediach spo\u0142eczno\u015bciowych, poniewa\u017c dostarczaj\u0105 niezwykle cennych wgl\u0105d\u00f3w w ruch. Pomog\u0105 szczeg\u00f3\u0142owo przeanalizowa\u0107, co dzia\u0142a, a co nie. Pozwol\u0105 te\u017c wydoby\u0107 prawdziw\u0105 \u201ekopalni\u0119 z\u0142ota\u201d danych o zachowaniach odbiorc\u00f3w \u2013 a w ten spos\u00f3b pozyska\u0107 wi\u0119cej klient\u00f3w, zwi\u0119kszy\u0107 ich lojalno\u015b\u0107 i podnie\u015b\u0107 sprzeda\u017c.<\/p>\n","protected":false},"excerpt":{"rendered":"<p>Darmowy generator link\u00f3w UTM dla Twoich kampanii U\u017cyj &#8220;%X%&#8221; w kt\u00f3rymkolwiek z p\u00f3l poni\u017cej &#8211; w wynikach zostanie zast\u0105pione numerem wiersza. czym s\u0105 tagi utm i jak prawid\u0142owo ich u\u017cywa\u0107? W \u015bwiecie cyfrowym do podstawowych aspekt\u00f3w, kt\u00f3re ka\u017cda osoba zajmuj\u0105ca si\u0119 e-commerce powinna bra\u0107 pod uwag\u0119, nale\u017cy analiza i pomiar skuteczno\u015bci strategii marketingowej. Mierzenie wynik\u00f3w [&hellip;]<\/p>\n","protected":false},"author":1,"featured_media":0,"parent":0,"menu_order":0,"comment_status":"closed","ping_status":"closed","template":"","meta":{"footnotes":""},"class_list":["post-8765","page","type-page","status-publish","hentry"],"yoast_head":"<!-- This site is optimized with the Yoast SEO plugin v27.4 - https:\/\/yoast.com\/product\/yoast-seo-wordpress\/ -->\n<title>Generator UTM<\/title>\n<meta name=\"description\" content=\"Edytor URLi z parametrami UTM, generuj\u0105cy wiele link\u00f3w jednocze\u015bnie.\" \/>\n<meta name=\"robots\" content=\"index, follow, max-snippet:-1, max-image-preview:large, max-video-preview:-1\" \/>\n<link rel=\"canonical\" href=\"https:\/\/www.supermonitoring.pl\/blogpl\/generator-utm\/\" \/>\n<meta property=\"og:locale\" content=\"pl_PL\" \/>\n<meta property=\"og:type\" content=\"article\" \/>\n<meta property=\"og:title\" content=\"Generator UTM\" \/>\n<meta property=\"og:description\" content=\"Edytor URLi z parametrami UTM, generuj\u0105cy wiele link\u00f3w jednocze\u015bnie.\" \/>\n<meta property=\"og:url\" content=\"https:\/\/www.supermonitoring.pl\/blogpl\/generator-utm\/\" \/>\n<meta property=\"og:site_name\" content=\"Blog Super Monitoring\" \/>\n<meta property=\"article:publisher\" content=\"https:\/\/www.facebook.com\/monitoring.stron\" \/>\n<meta property=\"article:modified_time\" content=\"2025-11-06T09:56:08+00:00\" \/>\n<meta property=\"og:image\" content=\"https:\/\/super-monitoring.com\/blogpl\/wp-content\/uploads\/2022\/03\/supermonitoringPL1200x628.png\" \/>\n\t<meta property=\"og:image:width\" content=\"1200\" \/>\n\t<meta property=\"og:image:height\" content=\"628\" \/>\n\t<meta property=\"og:image:type\" content=\"image\/png\" \/>\n<meta name=\"twitter:card\" content=\"summary_large_image\" \/>\n<meta name=\"twitter:site\" content=\"@MonitoringStron\" \/>\n<meta name=\"twitter:label1\" content=\"Szacowany czas czytania\" \/>\n\t<meta name=\"twitter:data1\" content=\"10 minut\" \/>\n<script type=\"application\/ld+json\" class=\"yoast-schema-graph\">{\"@context\":\"https:\\\/\\\/schema.org\",\"@graph\":[{\"@type\":\"WebPage\",\"@id\":\"https:\\\/\\\/www.supermonitoring.pl\\\/blogpl\\\/generator-utm\\\/\",\"url\":\"https:\\\/\\\/www.supermonitoring.pl\\\/blogpl\\\/generator-utm\\\/\",\"name\":\"Generator UTM\",\"isPartOf\":{\"@id\":\"https:\\\/\\\/www.supermonitoring.pl\\\/blogpl\\\/#website\"},\"datePublished\":\"2025-11-06T09:54:46+00:00\",\"dateModified\":\"2025-11-06T09:56:08+00:00\",\"description\":\"Edytor URLi z parametrami UTM, generuj\u0105cy wiele link\u00f3w jednocze\u015bnie.\",\"breadcrumb\":{\"@id\":\"https:\\\/\\\/www.supermonitoring.pl\\\/blogpl\\\/generator-utm\\\/#breadcrumb\"},\"inLanguage\":\"pl-PL\",\"potentialAction\":[{\"@type\":\"ReadAction\",\"target\":[\"https:\\\/\\\/www.supermonitoring.pl\\\/blogpl\\\/generator-utm\\\/\"]}]},{\"@type\":\"BreadcrumbList\",\"@id\":\"https:\\\/\\\/www.supermonitoring.pl\\\/blogpl\\\/generator-utm\\\/#breadcrumb\",\"itemListElement\":[{\"@type\":\"ListItem\",\"position\":1,\"name\":\"Strona g\u0142\u00f3wna\",\"item\":\"https:\\\/\\\/www.supermonitoring.pl\\\/blogpl\\\/\"},{\"@type\":\"ListItem\",\"position\":2,\"name\":\"Generator UTM\"}]},{\"@type\":\"WebSite\",\"@id\":\"https:\\\/\\\/www.supermonitoring.pl\\\/blogpl\\\/#website\",\"url\":\"https:\\\/\\\/www.supermonitoring.pl\\\/blogpl\\\/\",\"name\":\"Blog Super Monitoring\",\"description\":\"Narz\u0119dzia i zasoby dla ludzi Internetu \ud83d\udee0\ufe0f\",\"publisher\":{\"@id\":\"https:\\\/\\\/www.supermonitoring.pl\\\/blogpl\\\/#organization\"},\"potentialAction\":[{\"@type\":\"SearchAction\",\"target\":{\"@type\":\"EntryPoint\",\"urlTemplate\":\"https:\\\/\\\/www.supermonitoring.pl\\\/blogpl\\\/?s={search_term_string}\"},\"query-input\":{\"@type\":\"PropertyValueSpecification\",\"valueRequired\":true,\"valueName\":\"search_term_string\"}}],\"inLanguage\":\"pl-PL\"},{\"@type\":\"Organization\",\"@id\":\"https:\\\/\\\/www.supermonitoring.pl\\\/blogpl\\\/#organization\",\"name\":\"Super Monitoring\",\"url\":\"https:\\\/\\\/www.supermonitoring.pl\\\/blogpl\\\/\",\"logo\":{\"@type\":\"ImageObject\",\"inLanguage\":\"pl-PL\",\"@id\":\"https:\\\/\\\/www.supermonitoring.pl\\\/blogpl\\\/#\\\/schema\\\/logo\\\/image\\\/\",\"url\":\"https:\\\/\\\/super-monitoring.com\\\/blogpl\\\/wp-content\\\/uploads\\\/2020\\\/11\\\/supermonitoring-pionPL_400.png\",\"contentUrl\":\"https:\\\/\\\/super-monitoring.com\\\/blogpl\\\/wp-content\\\/uploads\\\/2020\\\/11\\\/supermonitoring-pionPL_400.png\",\"width\":400,\"height\":400,\"caption\":\"Super Monitoring\"},\"image\":{\"@id\":\"https:\\\/\\\/www.supermonitoring.pl\\\/blogpl\\\/#\\\/schema\\\/logo\\\/image\\\/\"},\"sameAs\":[\"https:\\\/\\\/www.facebook.com\\\/monitoring.stron\",\"https:\\\/\\\/x.com\\\/MonitoringStron\",\"https:\\\/\\\/www.linkedin.com\\\/showcase\\\/super-monitoring\\\/\"]}]}<\/script>\n<!-- \/ Yoast SEO plugin. -->","yoast_head_json":{"title":"Generator UTM","description":"Edytor URLi z parametrami UTM, generuj\u0105cy wiele link\u00f3w jednocze\u015bnie.","robots":{"index":"index","follow":"follow","max-snippet":"max-snippet:-1","max-image-preview":"max-image-preview:large","max-video-preview":"max-video-preview:-1"},"canonical":"https:\/\/www.supermonitoring.pl\/blogpl\/generator-utm\/","og_locale":"pl_PL","og_type":"article","og_title":"Generator UTM","og_description":"Edytor URLi z parametrami UTM, generuj\u0105cy wiele link\u00f3w jednocze\u015bnie.","og_url":"https:\/\/www.supermonitoring.pl\/blogpl\/generator-utm\/","og_site_name":"Blog Super Monitoring","article_publisher":"https:\/\/www.facebook.com\/monitoring.stron","article_modified_time":"2025-11-06T09:56:08+00:00","og_image":[{"width":1200,"height":628,"url":"https:\/\/super-monitoring.com\/blogpl\/wp-content\/uploads\/2022\/03\/supermonitoringPL1200x628.png","type":"image\/png"}],"twitter_card":"summary_large_image","twitter_site":"@MonitoringStron","twitter_misc":{"Szacowany czas czytania":"10 minut"},"schema":{"@context":"https:\/\/schema.org","@graph":[{"@type":"WebPage","@id":"https:\/\/www.supermonitoring.pl\/blogpl\/generator-utm\/","url":"https:\/\/www.supermonitoring.pl\/blogpl\/generator-utm\/","name":"Generator UTM","isPartOf":{"@id":"https:\/\/www.supermonitoring.pl\/blogpl\/#website"},"datePublished":"2025-11-06T09:54:46+00:00","dateModified":"2025-11-06T09:56:08+00:00","description":"Edytor URLi z parametrami UTM, generuj\u0105cy wiele link\u00f3w jednocze\u015bnie.","breadcrumb":{"@id":"https:\/\/www.supermonitoring.pl\/blogpl\/generator-utm\/#breadcrumb"},"inLanguage":"pl-PL","potentialAction":[{"@type":"ReadAction","target":["https:\/\/www.supermonitoring.pl\/blogpl\/generator-utm\/"]}]},{"@type":"BreadcrumbList","@id":"https:\/\/www.supermonitoring.pl\/blogpl\/generator-utm\/#breadcrumb","itemListElement":[{"@type":"ListItem","position":1,"name":"Strona g\u0142\u00f3wna","item":"https:\/\/www.supermonitoring.pl\/blogpl\/"},{"@type":"ListItem","position":2,"name":"Generator UTM"}]},{"@type":"WebSite","@id":"https:\/\/www.supermonitoring.pl\/blogpl\/#website","url":"https:\/\/www.supermonitoring.pl\/blogpl\/","name":"Blog Super Monitoring","description":"Narz\u0119dzia i zasoby dla ludzi Internetu \ud83d\udee0\ufe0f","publisher":{"@id":"https:\/\/www.supermonitoring.pl\/blogpl\/#organization"},"potentialAction":[{"@type":"SearchAction","target":{"@type":"EntryPoint","urlTemplate":"https:\/\/www.supermonitoring.pl\/blogpl\/?s={search_term_string}"},"query-input":{"@type":"PropertyValueSpecification","valueRequired":true,"valueName":"search_term_string"}}],"inLanguage":"pl-PL"},{"@type":"Organization","@id":"https:\/\/www.supermonitoring.pl\/blogpl\/#organization","name":"Super Monitoring","url":"https:\/\/www.supermonitoring.pl\/blogpl\/","logo":{"@type":"ImageObject","inLanguage":"pl-PL","@id":"https:\/\/www.supermonitoring.pl\/blogpl\/#\/schema\/logo\/image\/","url":"https:\/\/super-monitoring.com\/blogpl\/wp-content\/uploads\/2020\/11\/supermonitoring-pionPL_400.png","contentUrl":"https:\/\/super-monitoring.com\/blogpl\/wp-content\/uploads\/2020\/11\/supermonitoring-pionPL_400.png","width":400,"height":400,"caption":"Super Monitoring"},"image":{"@id":"https:\/\/www.supermonitoring.pl\/blogpl\/#\/schema\/logo\/image\/"},"sameAs":["https:\/\/www.facebook.com\/monitoring.stron","https:\/\/x.com\/MonitoringStron","https:\/\/www.linkedin.com\/showcase\/super-monitoring\/"]}]}},"_links":{"self":[{"href":"https:\/\/www.supermonitoring.pl\/blogpl\/wp-json\/wp\/v2\/pages\/8765","targetHints":{"allow":["GET"]}}],"collection":[{"href":"https:\/\/www.supermonitoring.pl\/blogpl\/wp-json\/wp\/v2\/pages"}],"about":[{"href":"https:\/\/www.supermonitoring.pl\/blogpl\/wp-json\/wp\/v2\/types\/page"}],"author":[{"embeddable":true,"href":"https:\/\/www.supermonitoring.pl\/blogpl\/wp-json\/wp\/v2\/users\/1"}],"replies":[{"embeddable":true,"href":"https:\/\/www.supermonitoring.pl\/blogpl\/wp-json\/wp\/v2\/comments?post=8765"}],"version-history":[{"count":2,"href":"https:\/\/www.supermonitoring.pl\/blogpl\/wp-json\/wp\/v2\/pages\/8765\/revisions"}],"predecessor-version":[{"id":8767,"href":"https:\/\/www.supermonitoring.pl\/blogpl\/wp-json\/wp\/v2\/pages\/8765\/revisions\/8767"}],"wp:attachment":[{"href":"https:\/\/www.supermonitoring.pl\/blogpl\/wp-json\/wp\/v2\/media?parent=8765"}],"curies":[{"name":"wp","href":"https:\/\/api.w.org\/{rel}","templated":true}]}}