{"id":3006,"date":"2019-02-12T13:37:28","date_gmt":"2019-02-12T11:37:28","guid":{"rendered":"https:\/\/www.supermonitoring.pl\/blogpl\/?page_id=3006"},"modified":"2020-09-20T15:37:55","modified_gmt":"2020-09-20T13:37:55","slug":"posty-goscinne-pisz-dla-nas","status":"publish","type":"page","link":"https:\/\/www.supermonitoring.pl\/blogpl\/posty-goscinne-pisz-dla-nas\/","title":{"rendered":"Posty go\u015bcinne: Pisz dla nas"},"content":{"rendered":"<p>Masz pomys\u0142 na ciekawy artyku\u0142, kt\u00f3ry wci\u0105gnie naszych czytelnik\u00f3w?<\/p>\n<p>Blog Super Monitoring traktuje o <strong>narz\u0119dziach<\/strong> (g\u0142\u00f3wnie aplikacjach webowych) i rozmaitych <strong>zasobach<\/strong> dla ludzi Internetu: Webmaster\u00f3w, Web Developer\u00f3w, Web Designer\u00f3w, e-Marketer\u00f3w i w\u0142a\u015bcicieli serwis\u00f3w internetowych.<\/p>\n<p>Akceptujemy unikalne, warto\u015bciowe, bogate w tre\u015bci, nie-sprzeda\u017cowe posty go\u015bcinne, kt\u00f3re dodaj\u0105 rzeczywist\u0105 warto\u015b\u0107 dla naszych czytelnik\u00f3w.<\/p>\n<p>Idealny artyku\u0142 go\u015bcinny b\u0119dzie mia\u0142 mnie mniej ni\u017c 1000 s\u0142\u00f3w, co najmniej dwie ilustracje i nie b\u0119dzie linkowa\u0142 do \u017cadnych stron o niskiej jako\u015bci.<br \/>\nMo\u017ce zawiera\u0107 bio autora z linkiem do jego strony.<\/p>\n<h2>Jak zaproponowa\u0107 post go\u015bcinny<\/h2>\n<p>Napisz do nas na adres postgoscinny MA\u0141PA supermonitoring KROPKA pl. Kr\u00f3tko opisz sw\u00f3j pomys\u0142 i powiedz nam co\u015b o sobie i swoich dotychczasowych publikacjach.<\/p>\n","protected":false},"excerpt":{"rendered":"<p>Masz pomys\u0142 na ciekawy artyku\u0142, kt\u00f3ry wci\u0105gnie naszych czytelnik\u00f3w? Blog Super Monitoring traktuje o narz\u0119dziach (g\u0142\u00f3wnie aplikacjach webowych) i rozmaitych zasobach dla ludzi Internetu: Webmaster\u00f3w, Web Developer\u00f3w, Web Designer\u00f3w, e-Marketer\u00f3w i w\u0142a\u015bcicieli serwis\u00f3w internetowych. Akceptujemy unikalne, warto\u015bciowe, bogate w tre\u015bci, nie-sprzeda\u017cowe posty go\u015bcinne, kt\u00f3re dodaj\u0105 rzeczywist\u0105 warto\u015b\u0107 dla naszych czytelnik\u00f3w. Idealny artyku\u0142 go\u015bcinny b\u0119dzie mia\u0142 [&hellip;]<\/p>\n","protected":false},"author":1,"featured_media":0,"parent":0,"menu_order":0,"comment_status":"closed","ping_status":"closed","template":"","meta":{"footnotes":""},"class_list":["post-3006","page","type-page","status-publish","hentry"],"yoast_head":"<!-- This site is optimized with the Yoast SEO plugin v27.4 - https:\/\/yoast.com\/product\/yoast-seo-wordpress\/ -->\n<title>Posty go\u015bcinne: Pisz dla nas<\/title>\n<meta name=\"description\" content=\"Masz pomys\u0142 na ciekawy artyku\u0142, kt\u00f3ry wci\u0105gnie naszych czytelnik\u00f3w? Akceptujemy unikalne, warto\u015bciowe, bogate w tre\u015bci, nie-sprzeda\u017cowe posty go\u015bcinne, kt\u00f3re dodaj\u0105 rzeczywist\u0105 warto\u015b\u0107.\" \/>\n<meta name=\"robots\" content=\"index, follow, max-snippet:-1, max-image-preview:large, max-video-preview:-1\" \/>\n<link rel=\"canonical\" href=\"https:\/\/www.supermonitoring.pl\/blogpl\/posty-goscinne-pisz-dla-nas\/\" \/>\n<meta property=\"og:locale\" content=\"pl_PL\" \/>\n<meta property=\"og:type\" content=\"article\" \/>\n<meta property=\"og:title\" content=\"Posty go\u015bcinne: Pisz dla nas\" \/>\n<meta property=\"og:description\" content=\"Masz pomys\u0142 na ciekawy artyku\u0142, kt\u00f3ry wci\u0105gnie naszych czytelnik\u00f3w? Akceptujemy unikalne, warto\u015bciowe, bogate w tre\u015bci, nie-sprzeda\u017cowe posty go\u015bcinne, kt\u00f3re dodaj\u0105 rzeczywist\u0105 warto\u015b\u0107.\" \/>\n<meta property=\"og:url\" content=\"https:\/\/www.supermonitoring.pl\/blogpl\/posty-goscinne-pisz-dla-nas\/\" \/>\n<meta property=\"og:site_name\" content=\"Blog Super Monitoring\" \/>\n<meta property=\"article:publisher\" content=\"https:\/\/www.facebook.com\/monitoring.stron\" \/>\n<meta property=\"article:modified_time\" content=\"2020-09-20T13:37:55+00:00\" \/>\n<meta property=\"og:image\" content=\"https:\/\/super-monitoring.com\/blogpl\/wp-content\/uploads\/2022\/03\/supermonitoringPL1200x628.png\" \/>\n\t<meta property=\"og:image:width\" content=\"1200\" \/>\n\t<meta property=\"og:image:height\" content=\"628\" \/>\n\t<meta property=\"og:image:type\" content=\"image\/png\" \/>\n<meta name=\"twitter:card\" content=\"summary_large_image\" \/>\n<meta name=\"twitter:site\" content=\"@MonitoringStron\" \/>\n<meta name=\"twitter:label1\" content=\"Szacowany czas czytania\" \/>\n\t<meta name=\"twitter:data1\" content=\"1 minuta\" \/>\n<script type=\"application\/ld+json\" class=\"yoast-schema-graph\">{\"@context\":\"https:\\\/\\\/schema.org\",\"@graph\":[{\"@type\":\"WebPage\",\"@id\":\"https:\\\/\\\/www.supermonitoring.pl\\\/blogpl\\\/posty-goscinne-pisz-dla-nas\\\/\",\"url\":\"https:\\\/\\\/www.supermonitoring.pl\\\/blogpl\\\/posty-goscinne-pisz-dla-nas\\\/\",\"name\":\"Posty go\u015bcinne: Pisz dla nas\",\"isPartOf\":{\"@id\":\"https:\\\/\\\/www.supermonitoring.pl\\\/blogpl\\\/#website\"},\"datePublished\":\"2019-02-12T11:37:28+00:00\",\"dateModified\":\"2020-09-20T13:37:55+00:00\",\"description\":\"Masz pomys\u0142 na ciekawy artyku\u0142, kt\u00f3ry wci\u0105gnie naszych czytelnik\u00f3w? Akceptujemy unikalne, warto\u015bciowe, bogate w tre\u015bci, nie-sprzeda\u017cowe posty go\u015bcinne, kt\u00f3re dodaj\u0105 rzeczywist\u0105 warto\u015b\u0107.\",\"breadcrumb\":{\"@id\":\"https:\\\/\\\/www.supermonitoring.pl\\\/blogpl\\\/posty-goscinne-pisz-dla-nas\\\/#breadcrumb\"},\"inLanguage\":\"pl-PL\",\"potentialAction\":[{\"@type\":\"ReadAction\",\"target\":[\"https:\\\/\\\/www.supermonitoring.pl\\\/blogpl\\\/posty-goscinne-pisz-dla-nas\\\/\"]}]},{\"@type\":\"BreadcrumbList\",\"@id\":\"https:\\\/\\\/www.supermonitoring.pl\\\/blogpl\\\/posty-goscinne-pisz-dla-nas\\\/#breadcrumb\",\"itemListElement\":[{\"@type\":\"ListItem\",\"position\":1,\"name\":\"Strona g\u0142\u00f3wna\",\"item\":\"https:\\\/\\\/www.supermonitoring.pl\\\/blogpl\\\/\"},{\"@type\":\"ListItem\",\"position\":2,\"name\":\"Posty go\u015bcinne: Pisz dla nas\"}]},{\"@type\":\"WebSite\",\"@id\":\"https:\\\/\\\/www.supermonitoring.pl\\\/blogpl\\\/#website\",\"url\":\"https:\\\/\\\/www.supermonitoring.pl\\\/blogpl\\\/\",\"name\":\"Blog Super Monitoring\",\"description\":\"Narz\u0119dzia i zasoby dla ludzi Internetu \ud83d\udee0\ufe0f\",\"publisher\":{\"@id\":\"https:\\\/\\\/www.supermonitoring.pl\\\/blogpl\\\/#organization\"},\"potentialAction\":[{\"@type\":\"SearchAction\",\"target\":{\"@type\":\"EntryPoint\",\"urlTemplate\":\"https:\\\/\\\/www.supermonitoring.pl\\\/blogpl\\\/?s={search_term_string}\"},\"query-input\":{\"@type\":\"PropertyValueSpecification\",\"valueRequired\":true,\"valueName\":\"search_term_string\"}}],\"inLanguage\":\"pl-PL\"},{\"@type\":\"Organization\",\"@id\":\"https:\\\/\\\/www.supermonitoring.pl\\\/blogpl\\\/#organization\",\"name\":\"Super Monitoring\",\"url\":\"https:\\\/\\\/www.supermonitoring.pl\\\/blogpl\\\/\",\"logo\":{\"@type\":\"ImageObject\",\"inLanguage\":\"pl-PL\",\"@id\":\"https:\\\/\\\/www.supermonitoring.pl\\\/blogpl\\\/#\\\/schema\\\/logo\\\/image\\\/\",\"url\":\"https:\\\/\\\/super-monitoring.com\\\/blogpl\\\/wp-content\\\/uploads\\\/2020\\\/11\\\/supermonitoring-pionPL_400.png\",\"contentUrl\":\"https:\\\/\\\/super-monitoring.com\\\/blogpl\\\/wp-content\\\/uploads\\\/2020\\\/11\\\/supermonitoring-pionPL_400.png\",\"width\":400,\"height\":400,\"caption\":\"Super Monitoring\"},\"image\":{\"@id\":\"https:\\\/\\\/www.supermonitoring.pl\\\/blogpl\\\/#\\\/schema\\\/logo\\\/image\\\/\"},\"sameAs\":[\"https:\\\/\\\/www.facebook.com\\\/monitoring.stron\",\"https:\\\/\\\/x.com\\\/MonitoringStron\",\"https:\\\/\\\/www.linkedin.com\\\/showcase\\\/super-monitoring\\\/\"]}]}<\/script>\n<!-- \/ Yoast SEO plugin. -->","yoast_head_json":{"title":"Posty go\u015bcinne: Pisz dla nas","description":"Masz pomys\u0142 na ciekawy artyku\u0142, kt\u00f3ry wci\u0105gnie naszych czytelnik\u00f3w? Akceptujemy unikalne, warto\u015bciowe, bogate w tre\u015bci, nie-sprzeda\u017cowe posty go\u015bcinne, kt\u00f3re dodaj\u0105 rzeczywist\u0105 warto\u015b\u0107.","robots":{"index":"index","follow":"follow","max-snippet":"max-snippet:-1","max-image-preview":"max-image-preview:large","max-video-preview":"max-video-preview:-1"},"canonical":"https:\/\/www.supermonitoring.pl\/blogpl\/posty-goscinne-pisz-dla-nas\/","og_locale":"pl_PL","og_type":"article","og_title":"Posty go\u015bcinne: Pisz dla nas","og_description":"Masz pomys\u0142 na ciekawy artyku\u0142, kt\u00f3ry wci\u0105gnie naszych czytelnik\u00f3w? Akceptujemy unikalne, warto\u015bciowe, bogate w tre\u015bci, nie-sprzeda\u017cowe posty go\u015bcinne, kt\u00f3re dodaj\u0105 rzeczywist\u0105 warto\u015b\u0107.","og_url":"https:\/\/www.supermonitoring.pl\/blogpl\/posty-goscinne-pisz-dla-nas\/","og_site_name":"Blog Super Monitoring","article_publisher":"https:\/\/www.facebook.com\/monitoring.stron","article_modified_time":"2020-09-20T13:37:55+00:00","og_image":[{"width":1200,"height":628,"url":"https:\/\/super-monitoring.com\/blogpl\/wp-content\/uploads\/2022\/03\/supermonitoringPL1200x628.png","type":"image\/png"}],"twitter_card":"summary_large_image","twitter_site":"@MonitoringStron","twitter_misc":{"Szacowany czas czytania":"1 minuta"},"schema":{"@context":"https:\/\/schema.org","@graph":[{"@type":"WebPage","@id":"https:\/\/www.supermonitoring.pl\/blogpl\/posty-goscinne-pisz-dla-nas\/","url":"https:\/\/www.supermonitoring.pl\/blogpl\/posty-goscinne-pisz-dla-nas\/","name":"Posty go\u015bcinne: Pisz dla nas","isPartOf":{"@id":"https:\/\/www.supermonitoring.pl\/blogpl\/#website"},"datePublished":"2019-02-12T11:37:28+00:00","dateModified":"2020-09-20T13:37:55+00:00","description":"Masz pomys\u0142 na ciekawy artyku\u0142, kt\u00f3ry wci\u0105gnie naszych czytelnik\u00f3w? Akceptujemy unikalne, warto\u015bciowe, bogate w tre\u015bci, nie-sprzeda\u017cowe posty go\u015bcinne, kt\u00f3re dodaj\u0105 rzeczywist\u0105 warto\u015b\u0107.","breadcrumb":{"@id":"https:\/\/www.supermonitoring.pl\/blogpl\/posty-goscinne-pisz-dla-nas\/#breadcrumb"},"inLanguage":"pl-PL","potentialAction":[{"@type":"ReadAction","target":["https:\/\/www.supermonitoring.pl\/blogpl\/posty-goscinne-pisz-dla-nas\/"]}]},{"@type":"BreadcrumbList","@id":"https:\/\/www.supermonitoring.pl\/blogpl\/posty-goscinne-pisz-dla-nas\/#breadcrumb","itemListElement":[{"@type":"ListItem","position":1,"name":"Strona g\u0142\u00f3wna","item":"https:\/\/www.supermonitoring.pl\/blogpl\/"},{"@type":"ListItem","position":2,"name":"Posty go\u015bcinne: Pisz dla nas"}]},{"@type":"WebSite","@id":"https:\/\/www.supermonitoring.pl\/blogpl\/#website","url":"https:\/\/www.supermonitoring.pl\/blogpl\/","name":"Blog Super Monitoring","description":"Narz\u0119dzia i zasoby dla ludzi Internetu \ud83d\udee0\ufe0f","publisher":{"@id":"https:\/\/www.supermonitoring.pl\/blogpl\/#organization"},"potentialAction":[{"@type":"SearchAction","target":{"@type":"EntryPoint","urlTemplate":"https:\/\/www.supermonitoring.pl\/blogpl\/?s={search_term_string}"},"query-input":{"@type":"PropertyValueSpecification","valueRequired":true,"valueName":"search_term_string"}}],"inLanguage":"pl-PL"},{"@type":"Organization","@id":"https:\/\/www.supermonitoring.pl\/blogpl\/#organization","name":"Super Monitoring","url":"https:\/\/www.supermonitoring.pl\/blogpl\/","logo":{"@type":"ImageObject","inLanguage":"pl-PL","@id":"https:\/\/www.supermonitoring.pl\/blogpl\/#\/schema\/logo\/image\/","url":"https:\/\/super-monitoring.com\/blogpl\/wp-content\/uploads\/2020\/11\/supermonitoring-pionPL_400.png","contentUrl":"https:\/\/super-monitoring.com\/blogpl\/wp-content\/uploads\/2020\/11\/supermonitoring-pionPL_400.png","width":400,"height":400,"caption":"Super Monitoring"},"image":{"@id":"https:\/\/www.supermonitoring.pl\/blogpl\/#\/schema\/logo\/image\/"},"sameAs":["https:\/\/www.facebook.com\/monitoring.stron","https:\/\/x.com\/MonitoringStron","https:\/\/www.linkedin.com\/showcase\/super-monitoring\/"]}]}},"_links":{"self":[{"href":"https:\/\/www.supermonitoring.pl\/blogpl\/wp-json\/wp\/v2\/pages\/3006","targetHints":{"allow":["GET"]}}],"collection":[{"href":"https:\/\/www.supermonitoring.pl\/blogpl\/wp-json\/wp\/v2\/pages"}],"about":[{"href":"https:\/\/www.supermonitoring.pl\/blogpl\/wp-json\/wp\/v2\/types\/page"}],"author":[{"embeddable":true,"href":"https:\/\/www.supermonitoring.pl\/blogpl\/wp-json\/wp\/v2\/users\/1"}],"replies":[{"embeddable":true,"href":"https:\/\/www.supermonitoring.pl\/blogpl\/wp-json\/wp\/v2\/comments?post=3006"}],"version-history":[{"count":5,"href":"https:\/\/www.supermonitoring.pl\/blogpl\/wp-json\/wp\/v2\/pages\/3006\/revisions"}],"predecessor-version":[{"id":3412,"href":"https:\/\/www.supermonitoring.pl\/blogpl\/wp-json\/wp\/v2\/pages\/3006\/revisions\/3412"}],"wp:attachment":[{"href":"https:\/\/www.supermonitoring.pl\/blogpl\/wp-json\/wp\/v2\/media?parent=3006"}],"curies":[{"name":"wp","href":"https:\/\/api.w.org\/{rel}","templated":true}]}}